*i + 2*i**2 - 2*i**2 - 4*i**2. Calculate d(n).
-5
Let k(y) be the third derivative of -y**4/24 + y**3/2 + y**2. Let l be (1 - 1)/(12/(-6)). What is k(l)?
3
Let l(k) = -k**2 + 2*k. Let b(u) = u - 14. Let f be b(16). Let j be l(f). Let v(s) = s**2 + 4. What is v(j)?
4
Let y(b) = b - 1. Let q(x) = -x**3 - 4*x**2 - 8. Let n(h) = -q(h) + 5*y(h). Calculate n(-3).
-3
Let c = 1 - 4. Suppose 0 = 2*x - 3*x - 2, -4 = -4*z - 4*x. Let u(l) = -2 - 3*l + 2*l + 0*l + 3*l**2 + l**z + 0. Determine u(c).
1
Let x(g) be the first derivative of -g**3/3 + g**2/2 + g + 7. Let j be ((-1)/2)/((-2)/(-8)). Let a be j + 2 + 2 + -4. Give x(a).
-5
Let i(d) = 2*d**3 + 3*d**2 - 2*d - 5. Let t = -7 - -14. Let s(p) = p**3 + p**2 - p - 3. Let h(n) = t*s(n) - 4*i(n). What is h(-5)?
-6
Suppose 0*p = -4*p. Let a be 3 - (-1 - (0 + p)). Suppose 0 = y - a*y + 3*b - 6, 2*y + 2*b - 8 = 0. Let v(w) = -3*w**2 + w - 1. Give v(y).
-3
Let c(m) = m + 4. Let s(u) be the first derivative of u**4/4 - 5*u**3/3 - 3*u**2 + 3*u + 1. Let a be s(6). Calculate c(a).
7
Let j(w) = 7*w - 7. Let u(y) = 3*y - 3. Let c = 0 + 3. Suppose -c*x = -3*o - 3, 0 = 4*x + 2*o - 12 - 16. Let a(i) = x*u(i) - 2*j(i). What is a(3)?
2
Let n(v) = -3*v**2 - 3*v - 4. Let p(o) = -o**2 - o + 1. Let l(m) = -n(m) + 2*p(m). Let x be -1*(0 + 2 - 4). Suppose -x*z + 9 = 1, -4 = -5*y - z. What is l(y)?
6
Let g(y) be the first derivative of -y**3/3 + 9*y**2/2 - 4*y - 14. What is g(9)?
-4
Let k(o) = 6*o + 1. Suppose 1 = 4*y - 7. Suppose 5 = -y*r - 3*r. Let c be (1 + 0)/(r + 2). Give k(c).
7
Let v(n) = 21*n - 9. Let q(y) = 11*y - 5. Let s(c) = -9*q(c) + 5*v(c). Give s(-1).
-6
Let c(i) = -6*i**2 - i + 1. Let v be 6/(-14) - 51/(-21). Let u be (-1 + v)*-1 + 2. Calculate c(u).
-6
Let f be 6/(-24)*(-3 - -3). Let b(s) = -s**2 - 7. Give b(f).
-7
Let m(y) be the first derivative of -y**2/2 + y + 4. Give m(0).
1
Let c(x) = x - 4. Let d be c(3). Let b(h) be the first derivative of 3/4*h**4 + 1/2*h**2 + h + 1 - 1/3*h**3. Calculate b(d).
-4
Suppose -4 = -6*t + 26. Let f(v) = -v**3 + 6*v**2 - 4*v + 2. What is f(t)?
7
Let x = -8 - -16. Suppose x = -3*q + 5*q. Suppose 3*w - q + 2 = u, 4*w = -4*u + 8. Let y(d) = -3*d + 1. Calculate y(u).
-2
Let t(p) = -11*p - 1 + p + 8*p. Determine t(5).
-11
Let c(r) be the second derivative of -r**3/6 - r**2 + 4*r. Let f be c(-3). Let n(k) = -5*k - 4 + 4. What is n(f)?
-5
Let t(q) = q. Let d(n) = n**2 + 13*n. Let m(v) = -d(v) + 4*t(v). What is m(-6)?
18
Let x(j) = 0*j - 2 + j + 9. Determine x(-5).
2
Let f(w) = w**2 + w - 5. Let q(m) be the first derivative of -1/4*m**4 + 10*m - 3 - 7/3*m**3 + m**2. Let a be q(-7). Determine f(a).
7
Let i be (-8)/(-28) - (-66)/63*-6. Let x(o) = -o**2 - 8*o - 5. Determine x(i).
7
Let z(r) = r - 2. Let o be z(-8). Let a be 5/o - (-34)/4. Let g be (-30)/8 - 2/a. Let s(t) = t + 3. What is s(g)?
-1
Suppose 3 = 4*f - 21. Let z(o) = -6*o + 3. Let a(y) = 7*y - 4. Let u(c) = 5*a(c) + 6*z(c). Determine u(f).
-8
Let k(v) = -v**2 - 1. Let w = 50 - 52. Determine k(w).
-5
Let y(s) be the first derivative of -s**4/12 - s**3/2 - s**2/2 - 7*s - 2. Let a(g) be the first derivative of y(g). Determine a(-1).
1
Let r(o) = -o**2 - 4*o - 3. Let h(p) = -p**2 - 4*p - 2. Let k(q) = 4*h(q) - 3*r(q). Calculate k(-4).
1
Let l(s) be the third derivative of -s**6/120 - 7*s**5/60 - s**4/24 - 7*s**3/6 - 21*s**2. Give l(-7).
0
Let u = 3 + -2. Let n(s) = 0 + 9*s**2 - 10*s**2 - 3*s - u. Determine n(-4).
-5
Let q = -12 - -15. Let k(u) = 2*u - 2. What is k(q)?
4
Let p(o) = 27*o - 25*o + 2 - 4*o**2 + o**2. Give p(2).
-6
Let g(h) = -3*h. Let o(t) = t - 1. Let p(f) = g(f) + 2*o(f). Suppose -2 - 4 = -x. Determine p(x).
-8
Let h = 6 - 7. Let p(d) be the third derivative of 0*d + 0*d**5 - 2*d**2 + 1/24*d**4 + 1/6*d**3 - 1/24*d**6 + 0. Give p(h).
5
Suppose 27 = 2*s + s. Let o be (-8)/3 + (-3)/s. Let n(y) = -2*y - 3. What is n(o)?
3
Let u(n) = -n**2 + 1. Let g = -19 + 21. What is u(g)?
-3
Let s be ((-2)/(-6))/(4/72). Let v(c) = 2*c - s + c**3 + 3*c**2 + 1 + 3. Give v(-3).
-8
Let q(c) = -c**2 + 3*c + 4. Suppose 5 = 2*t + 3. Let s be ((-4)/3)/(t/(-3)). Determine q(s).
0
Let s(c) = c - 3. Let t = 1 - -1. Suppose -2*g - r + 3 = t*g, -5*g + r - 3 = 0. Determine s(g).
-3
Suppose 3*d + 0*f = -3*f, 0 = -5*d - 2*f + 6. Suppose -d*m = 4, 4*m = 4*b - 0*b - 4. Let n(v) = -4*v**3 + 2*v**2 - 1. Determine n(b).
5
Let j(a) = 2 - 3*a + 3*a - a. Let q be ((-2)/6)/((-7)/(-84)). Calculate j(q).
6
Let g(t) = 7 + 8*t - 9*t + 4*t. Calculate g(-5).
-8
Suppose 5*n = 2*i + 22 + 17, i + n + 16 = 0. Let g be (i/(-5) + -3)*10. Let p(s) = 2 + s - 8 + 1. Calculate p(g).
-1
Let x(b) = -2*b**2 + b - 2. Let s be (-5)/(-1)*30/(-75). Determine x(s).
-12
Let s = 7 + -3. Suppose s*z = 17 + 27. Let t = -6 + z. Let c(i) = -i - 3. Calculate c(t).
-8
Let p(x) be the second derivative of x**4/12 - 5*x**3/6 - 10*x. Calculate p(5).
0
Suppose 4*f = 5*g + f + 5, -5*g = -5*f + 5. Let v(x) = 0*x**2 - 3*x - x**2 - 1 + x. Determine v(g).
0
Let o(b) = 2*b**3 - 7*b**2 - 5*b. Let d(i) = -5*i**3 + 14*i**2 + 9*i - 1. Let c(k) = -3*d(k) - 7*o(k). Calculate c(-6).
-9
Let g(o) = 13*o - 1. Let u be g(1). Let h = 10 - u. Let y(j) = -j**2 + j - 2. Determine y(h).
-8
Let x(g) = -2*g + 4. Let v = -7 + -2. Let y = -4 - v. Determine x(y).
-6
Let o be (3 - 2)*(0/3 + 2). Let k(p) = 6*p - 3. Determine k(o).
9
Let z(m) = 0 - 3*m - 1 + 4*m. Let a = 8 + 5. Suppose 2*p + a = -d + 4*d, 5*p + 10 = 3*d. Calculate z(d).
4
Let g(r) = -r**2 + 6*r. Suppose -o + 1 = -2. Let k(m) = m**2 - 2*m + 2. Let l be k(o). Calculate g(l).
5
Suppose -5*h + 4*h = 3. Let y(g) = g**2 + g - 4. Determine y(h).
2
Let o be (-2 - 0)*1 - -5. Suppose 2*k - 10 = -o*k. Let j(r) be the second derivative of r**4/12 + r**3/2 - 3*r**2/2 + 3*r. What is j(k)?
7
Let z be (-8)/(-3) - (-2)/(-3). Let b(c) = -c**2 + 7 + c**2 + c**z + 9*c. What is b(-7)?
-7
Let f(n) = 2*n**2 - 2*n. Let j be f(3). Let y = j + -7. Let z(m) = -m**3 + 5*m**2 - 4. What is z(y)?
-4
Let w(t) = t - 6. Suppose 6*p - 3*p - 56 = 4*r, 0 = -2*r - 2*p - 14. What is w(r)?
-17
Let o = -1 - -1. Let g(p) = -p**2 - p - 1. Let z(k) = k**3 + k**2 + 3*k - 1. Let c(i) = -2*g(i) - z(i). Give c(o).
3
Let y(n) be the third derivative of 5/24*n**4 + 0*n + 1/60*n**5 - n**2 + 0 + 1/3*n**3. Let g = 0 - 3. Calculate y(g).
-4
Let o(z) = z**3 - 5*z**2 - z. Let u(b) = -b**3 + 7*b**2 + 8*b + 1. Let r be u(8). Let l = 5 - r. Suppose l*k - 20 = -0*k. Determine o(k).
-5
Let a(w) = -2*w + 3. Let c = -5 + 9. Determine a(c).
-5
Let n(q) be the second derivative of q**5/20 + q**4/2 + 5*q**3/6 - q**2 + 6*q. Calculate n(-4).
10
Let n(o) = -o**2 + 5*o + 2. Let x = -12 - -17. What is n(x)?
2
Let v(a) = -a**2 + 4*a + 4. Suppose 3*u + 2*u + 30 = 0. Let x be 7 + 3 + u + 1. Give v(x).
-1
Let j(u) = u**2 - 12*u + 7. Let r(k) = -4*k**2 + 49*k - 28. Let y(c) = 9*j(c) + 2*r(c). Determine y(7).
-14
Let f(w) = -w**2 + 3*w + 4. Let b be f(4). Let r(i) = i**2 + 6*i + 3. Let n be r(-6). Let g(q) = n*q - 5*q + 4 + 3*q - 2*q. Calculate g(b).
4
Let v be (3 - 1)*2/4. Let j be v*3*-1 - 2. Let s(c) = c**3 - 2*c + 4. Let t(h) = 2*h**3 + h**2 - 3*h + 7. Let q(o) = -11*s(o) + 6*t(o). Determine q(j).
3
Let q(b) = b**3 + 2*b**2 - 5*b - 4. Let i be q(-3). Suppose i*l - 12 = -l. Suppose -l*a + 0*a = -16. Let c(z) = z**3 - 5*z**2 + 3*z + 1. Determine c(a).
-3
Let z = 8 - 5. Let b = 18 - 13. Let x(q) = 3*q - 1 - b + 2. Give x(z).
5
Let v(c) = 2*c - 180 + c**2 + c + 179. Give v(2).
9
Let u(w) = w**3 + 3*w**2 - 4*w - 5. Suppose -1 = -4*i + 3*x, 2*i - 4*x + 1 + 1 = 0. Let d = 2 + i. Let s = -7 + d. Calculate u(s).
-5
Let j be 15/9 + 4/(-6). Let g(q) = 2*q. Let k(t) = 2*t. Let m(z) = -4*g(z) + 3*k(z). Give m(j).
-2
Let i(x) = x**2 + 6*x - 5. Let h = 37 - 43. Determine i(h).
-5
Let m(n) = -2. Let x(b) = -b + 3. Let z(i) = -5*m(i) - 3*x(i). Let q(d) = -2*d - 1. Let w(j) = 5*q(j) + 3*z(j). Let y be 2 + 0*(-5)/15. Give w(y).
-4
Let h(b) = -5*b**3 - 2*b**2 - 1. Let n(r) = -10*r**3 - 5*r**2 - r - 2. Let a(t) = 5*h(t) - 2*n(t). What is a(1)?
-4
Let p(a) = -a**2 + 3. Suppose 8*m = 2*m + 18. Determine p(m).
-6
Let p = -11 - -34. Let g(a) = p*a - 12*a - 12*a. Suppose 0 = -2*k + q, -q + 10 = 5*k + 3. What is g(k)?
-1
Let u(y) = y**2 - 3*y + 2. Let n(j) = -j**2 - j - 1. Let w(a) = 2*n(a) + u(a). Let x be ((-2)/(-4))/((-2)/24). Give w(x).
-6
Let j(